*f is divided by j?
4
Suppose q - 20 - 47 = 0. Suppose -4*g + 4*f + 87 = 11, 3*g + f - 49 = 0. What is the remainder when q is divided by g?
16
Suppose -3*r + h + 193 = 2*h, r - h = 67. Suppose -199 = -3*n + 2*g + 12, -2*g + r = n. What is the remainder when n is divided by 18?
15
Let z = 1237 - 1076. Calculate the remainder when z is divided by 54.
53
Let u(c) = -15 + 4 + 12 + 3*c**2. Let d be u(-1). Suppose d*q - 52 = -4*s - 0*s, -q + 13 = 4*s. Calculate the remainder when 62 is divided by q.
10
Suppose 2*z + 20 = -2*z. Let x be (-20 - 1)*(0 + z). Suppose -3 = l, -6 + x = 5*c + 2*l. What is the remainder when c is divided by 11?
10
Let f(z) = 11*z**2 - 14*z + 5. Calculate the remainder when f(-2) is divided by 8.
5
Let x(j) = 8*j**2 + 5*j - 1. Let h be x(1). Suppose h = o + o. What is the remainder when 15 is divided by o?
3
Let n be (-389)/(-5) + (-24)/30. Let r = 91 - n. Calculate the remainder when 54 is divided by r.
12
Let t = 2723 - 2154. Calculate the remainder when t is divided by 48.
41
Let q = -52 + 62. Calculate the remainder when 63*((-28)/(-12) + -2) is divided by q.
1
Let v = 14 - 10. Suppose -55 = -5*t - 2*j + 15, 0 = t + 4*j + v. Let g = -1339 - -1368. What is the remainder when g is divided by t?
13
Calculate the remainder when 106 is divided by (-760)/(-50) - (-36)/45.
10
Suppose 1621 = 8*m + 637. What is the remainder when m is divided by 13?
6
Let n = -29 - -35. Let d = 47 - n. Calculate the remainder when d is divided by 11.
8
Let w(c) = -11*c - 7. Let b be w(-3). Suppose 3 = -r + b. What is the remainder when r is divided by 5?
3
Let x(j) be the second derivative of -j**5/20 - 17*j**4/12 - j**3/6 - 11*j**2/2 + 3*j. Calculate the remainder when (0 - -17) + (1 - 2) is divided by x(-17).
4
Suppose x + 0*x = 5*w + 42, -2*w + 160 = 3*x. What is the remainder when 622 is divided by x?
50
Suppose m - 9 = a, -a - 11 = 2*m - 2. Let j = -41 + 26. Let b = a - j. Calculate the remainder when 17 is divided by b.
5
Suppose 48*i = 12*i + 6696. What is the remainder when i is divided by 11?
10
Let a(p) = -p**2 + 18*p - 34. Let n = 104 + -29. What is the remainder when n is divided by a(14)?
9
Suppose 6*r = 175 + 71. Calculate the remainder when 162 is divided by r.
39
Let y(g) = -4*g + 67. Calculate the remainder when 330 is divided by y(8).
15
Let t = 348 + -213. Calculate the remainder when t is divided by 8.
7
Suppose -2*l = 3*l - 145. Let q = -42 - -44. Suppose q*a + 2*a - 58 = 2*m, -3*m + 78 = 5*a. What is the remainder when l is divided by a?
14
Calculate the remainder when 151 is divided by 4/1 + 68 + -4.
15
Suppose 12 = -0*m + m. Suppose 5*h = 3*k - 61, -m = 2*k - 2*h - 54. What is the remainder when 43 is divided by k?
21
Suppose -21*o + 1824 = 17*o. Calculate the remainder when 287 is divided by o.
47
Suppose 0 = 2*x - x - 11. Let o(c) = c + 102. What is the remainder when o(-49) is divided by x?
9
Suppose 70 = 3*l + 2*l - 5*x, 0 = 2*l - x - 32. Let g be l/(-8) + (-12)/(-48). What is the remainder when -5*-9*g/(-3) is divided by 11?
8
Suppose 3*o - 4 = -1. Let b(q) = 55*q + 3. Calculate the remainder when b(o) is divided by 10.
8
Suppose -41 = j - 53. Calculate the remainder when j is divided by 6.
0
Suppose 54*a + 140 = 4*z + 58*a, 4*a = -2*z + 78. Suppose 0 = 3*f - 73 + 19. What is the remainder when z is divided by f?
13
Suppose 0*x + 19 = 3*x - 2*r, -3*x = -5*r - 25. Suppose -j - 104 = -x*h - 2*j, -3*h + 68 = 2*j. What is the remainder when 57 is divided by h?
17
Let u(b) = 61*b + 2. Let k be u(-2). Let m = -62 - k. Calculate the remainder when m is divided by 15.
13
Suppose 2*v + 6*h - 4*h = 32, -5*v + 74 = 2*h. What is the remainder when 51 is divided by v?
9
Let d(p) = -p**3 - 7*p**2 + 2*p + 16. Let z be d(-7). Suppose 0*i - 4*g - 32 = -z*i, 5*i - g = 71. What is the remainder when 32 is divided by i?
4
Suppose 5*v - 4 = 6*v, 24 = 2*g - 4*v. Calculate the remainder when 18 is divided by g.
2
Suppose 3*k - 18 = -4*v, -3*v - 10 = -2*k + 2. What is the remainder when 124 is divided by k?
4
Let b(w) = 2*w**3 - 4*w**2 - 7*w - 1. Let j = -56 + 61. What is the remainder when b(j) is divided by 30?
24
Let v(y) = 4*y - 67. What is the remainder when 53 is divided by v(18)?
3
Let u = -523 - -560. What is the remainder when u is divided by 1?
0
Suppose 5*g + 2 = -p + 17, 9 = 3*g + 4*p. Suppose 4*t - 1 = g. What is the remainder when 3 is divided by 0/(t/1) + 1?
0
Let k = 256 - 227. What is the remainder when 224 is divided by k?
21
Let c = -933 - -1081. Calculate the remainder when c is divided by 25.
23
Let q be 4/(-10)*(-55 - -10). Let t be 120/(-36)*q/(-10). Suppose 3*l = -t, -86 + 16 = -2*g + l. Calculate the remainder when g is divided by 9.
7
Suppose 0 = -4*a + 5 - 1, -3*a = 3*g - 486. Calculate the remainder when g is divided by 6.
5
Let w(g) = -g + 13. What is the remainder when w(-21) is divided by 22?
12
Suppose 2 = 17*y - 15*y. What is the remainder when 8 is divided by y?
0
Suppose 0 = r - 8 - 13. Let b = r - 19. Suppose 3*h = -2*d - b*h + 85, -3*h = -4*d + 105. Calculate the remainder when 57 is divided by d.
27
Suppose 51*k - 56*k = -5*l + 110, 3*k - 38 = -l. What is the remainder when 94 is divided by l?
16
Suppose 5*l = -5*c + 106 - 16, -4*l - 72 = -5*c. Let n(j) = 8*j**2 + 2*j. Calculate the remainder when n(-2) is divided by c.
12
Let b(s) = 5*s - 11. Let z(i) = i**3 - 11*i**2 + 16*i - 45. What is the remainder when b(8) is divided by z(10)?
14
Suppose 4*w + 5*b = 21, 4*w + 0 - 1 = -b. Calculate the remainder when -262*((w - (-9)/2) + -4) is divided by 33.
32
Let q(t) = 35*t**3 + t**2 - 1. Let k be q(1). What is the remainder when 81 is divided by 750/k - 12/28?
18
Let f = 28 + -64. Let o = f - -135. Calculate the remainder when o is divided by 26.
21
Let y = -21 - -21. Suppose -3*w + 10*w - 112 = y. What is the remainder when 62 is divided by w?
14
Let z = 13 + 1. What is the remainder when 50 is divided by z?
8
Let s be (-20)/6*(-3)/2. Suppose s*p - 74 = -4. Let b = 69 - 30. Calculate the remainder when b is divided by p.
11
Let h = 113 + -97. Suppose 0 = -3*r + 11*r - h. Let j(o) = -o**3 + 4*o**2 - 3*o. What is the remainder when j(2) is divided by r?
0
Suppose -6*v - 4*v = -2400. Suppose -v = -5*q + 5*l, 2*q + 3*l - 81 = -0*l. Calculate the remainder when 222 is divided by q.
42
Let n(g) be the third derivative of g**6/120 + 17*g**5/60 + g**4/2 - 17*g**3/6 + 2*g**2. What is the remainder when n(-16) is divided by 17?
13
Let i(p) = -3*p**2 - 16*p + 18. Let x(k) = 4*k**2 + 17*k - 18. Let t(m) = 5*i(m) + 4*x(m). What is the remainder when 51 is divided by t(12)?
15
Calculate the remainder when 61 is divided by 14 - 0 - (-1)/(-1).
9
Suppose i = -2*i + 150. Let b be i/3 - (-12)/(-18). Suppose 0 = z + 4*k - 7, b = -4*k - 0*k. What is the remainder when z is divided by 8?
7
Suppose -2*g - 10 = 0, 2*j = 4*g - 9*g - 3. Calculate the remainder when j is divided by 7.
4
Suppose -5*d = 4*i - 179, d = -0*d - i + 36. Calculate the remainder when 312 is divided by d.
32
Let z(l) = -l**3 + 2*l + 1. Let h be z(-2). Suppose 0*u = h*u - 75. What is the remainder when 43 is divided by u?
13
Let b(l) be the third derivative of l**6/120 + 3*l**5/20 - l**4/12 + 5*l**3/2 + 15*l**2. What is the remainder when b(-9) is divided by 18?
15
Let j be 457/5 - (-9)/15. Let b = 121 - j. What is the remainder when 84 is divided by b?
26
Let t = 206 - 170. Calculate the remainder when 143 is divided by t.
35
Let f(c) = 2*c + 7. Let j be f(-10). Let y = -11 - j. Suppose -h + 9 = y*h. Calculate the remainder when 8 is divided by h.
2
Suppose 5*m + 3 = 8. Calculate the remainder when 69 is divided by (-152)/(-8) - (m + 0).
15
Suppose -120 = -5*i - 5*h, 3*i - 7 = h + 65. Let u(k) = -k**3 - 31*k**2 - 61*k - 40. Calculate the remainder when u(-29) is divided by i.
23
Let o = -10 + 16. Suppose k - o = 4. Suppose 8 = 2*c - 4*t + 6*t, -5*t - k = 0. What is the remainder when c is divided by 2?
0
What is the remainder when (-2)/((-3)/2*(-56)/(-13902)) is divided by 112?
107
Calculate the remainder when 2847 is divided by 9 - 4*(-120)/10.
54
Suppose -k - k + 36 = 0. Let u be ((-2574)/(-21))/2 - (-14)/(-49). Let i = 9 + u. What is the remainder when i is divided by k?
16
Let p = -21 + 48. Let k = -23 - -12. Let s(m) = m**2 + 11*m + 15. What is the re